{"id":162,"date":"2018-11-30T14:45:42","date_gmt":"2018-11-30T14:45:42","guid":{"rendered":"http:\/\/andreaholstein.de\/?page_id=162"},"modified":"2026-02-24T17:33:18","modified_gmt":"2026-02-24T17:33:18","slug":"termine-und-preise","status":"publish","type":"page","link":"https:\/\/andreaholstein.de\/?page_id=162","title":{"rendered":"Termine und Honorar"},"content":{"rendered":"\n<p><\/p>\n\n\n\n<figure class=\"wp-block-image size-large\"><img loading=\"lazy\" decoding=\"async\" width=\"1024\" height=\"252\" src=\"https:\/\/andreaholstein.de\/wp-content\/uploads\/2021\/08\/termine_sberatung-1024x252.jpg\" alt=\"\" class=\"wp-image-1050\" srcset=\"https:\/\/andreaholstein.de\/wp-content\/uploads\/2021\/08\/termine_sberatung-1024x252.jpg 1024w, https:\/\/andreaholstein.de\/wp-content\/uploads\/2021\/08\/termine_sberatung-300x74.jpg 300w, https:\/\/andreaholstein.de\/wp-content\/uploads\/2021\/08\/termine_sberatung-768x189.jpg 768w, https:\/\/andreaholstein.de\/wp-content\/uploads\/2021\/08\/termine_sberatung.jpg 1218w\" sizes=\"auto, (max-width: 1024px) 100vw, 1024px\" \/><\/figure>\n\n\n\n<h6 class=\"wp-block-heading\" id=\"systemische-beratung-und-ganzheitliche-therapie\"><strong>Systemische Beratung und Ganzheitliche Psychotherapie<\/strong><\/h6>\n\n\n\n<p><strong>Honorar:<\/strong><\/p>\n\n\n\n<ul class=\"wp-block-list\">\n<li>60min. Einzeltherapie: 110,00\u20ac<\/li>\n\n\n\n<li>90min. Einzeltherapie: 165,00\u20ac<\/li>\n\n\n\n<li>60min. Elterncoaching: Einzelpersonen 100,00\u20ac\/ Paare 110,00\u20ac<\/li>\n\n\n\n<li>60min. Kindercoaching: 90,00\u20ac<\/li>\n\n\n\n<li>60min. Paarberatung: 130,00\u20ac<\/li>\n\n\n\n<li>90min. Familien-\/Systemaufstellung: 165,00\u20ac<\/li>\n\n\n\n<li>90min. Time-Line Methode: 165,00\u20ac<\/li>\n\n\n\n<li>In einem&nbsp;<strong>kostenlosen telefonischen Erstgespr\u00e4ch<\/strong>&nbsp;k\u00f6nnen Sie Fragen zum Ablauf und Anliegen kl\u00e4ren und wir k\u00f6nnen reinsp\u00fcren, ob unsere &#8222;Chemie&#8220; stimmig ist.<\/li>\n<\/ul>\n\n\n\n<p>Der Betrag der Einzelsitzungen ist nach erfolgter Sitzung in <strong>bar <\/strong>oder per <strong>Paypal <\/strong>zu entrichten. Bitte beachten Sie, dass meine Praxis eine <strong>Privatpraxis <\/strong>ist, Sie sind also <strong>Selbstzahler<\/strong>.<\/p>\n\n\n\n<p>Ausnahmen k\u00f6nnen Privatversicherungen oder Zusatzversicherungen f\u00fcr Heilpraktikerleistungen (Psychotherapie) sein. Dies empfehle ich Ihnen vorab, bei Ihrer Privatversicherung oder Zusatzversicherung, zu kl\u00e4ren.<\/p>\n\n\n\n<p><strong>Ort: <\/strong>Praxis Andrea Holstein, Berner Weg 31, 22393 Hamburg\/Sasel<\/p>\n\n\n\n<p><strong>Termine:<\/strong> erfolgen nach Absprache telefonisch oder per <a href=\"https:\/\/andreaholstein.de\/?page_id=95\">Email<\/a><\/p>\n\n\n\n<p><strong>Terminabsage:<\/strong> Da ich eine Bestellpraxis betreibe, halte ich mir die Zeit des vereinbarten Termins f\u00fcr Sie frei. Beratungs-\/Therapietermine sind <strong>sp\u00e4testens 24 Stunden<\/strong> vorher abzusagen. Zu sp\u00e4t oder nicht abgesagte Termine stelle ich mit einer Stunde der jeweiligen Sitzung als &#8222;<strong>Ausfallhonorar<\/strong>&#8220; (nach den aufgef\u00fchrten Konditionen) in Rechnung.<\/p>\n\n\n\n<p>&nbsp;<\/p>\n\n\n\n<p><\/p>\n\n\n\n<p><\/p>\n\n\n\n<figure class=\"wp-block-image size-full\"><img loading=\"lazy\" decoding=\"async\" width=\"1024\" height=\"252\" src=\"https:\/\/andreaholstein.de\/wp-content\/uploads\/2022\/10\/termine_trauma.jpg\" alt=\"\" class=\"wp-image-1383\" srcset=\"https:\/\/andreaholstein.de\/wp-content\/uploads\/2022\/10\/termine_trauma.jpg 1024w, https:\/\/andreaholstein.de\/wp-content\/uploads\/2022\/10\/termine_trauma-300x74.jpg 300w, https:\/\/andreaholstein.de\/wp-content\/uploads\/2022\/10\/termine_trauma-768x189.jpg 768w\" sizes=\"auto, (max-width: 1024px) 100vw, 1024px\" \/><\/figure>\n\n\n\n<h6 class=\"wp-block-heading\" id=\"systemische-beratung-und-ganzheitliche-therapie\"><strong>Traumatherapie<\/strong><\/h6>\n\n\n\n<p><strong>Honorar: <\/strong>60min. Einzeltherapie: 110,00\u20ac<\/p>\n\n\n\n<p>Der Betrag der Einzelsitzungen ist nach erfolgter Sitzung in <strong>bar <\/strong>oder per <strong>Paypal <\/strong>zu entrichten. Bitte beachten Sie, dass meine Praxis eine <strong>Privatpraxis<\/strong> ist, Sie sind also Selbstzahler. <\/p>\n\n\n\n<p>Ausnahmen k\u00f6nnen Privatversicherungen oder Zusatzversicherungen f\u00fcr Heilpraktikerleistungen (Psychotherapie) sein. Dies empfehle ich Ihnen vorab, bei Ihrer Privatversicherung oder Zusatzversicherung, zu kl\u00e4ren.<\/p>\n\n\n\n<p><strong>Ort: <\/strong>Praxis Andrea Holstein, Berner Weg 31, 22393 Hamburg\/Sasel<\/p>\n\n\n\n<p><strong>Termine:<\/strong> erfolgen nach Absprache telefonisch oder per <a href=\"https:\/\/andreaholstein.de\/?page_id=95\">Email<\/a><\/p>\n\n\n\n<p><strong>Terminabsage:<\/strong> Da ich eine Bestellpraxis betreibe, halte ich mir die Zeit des vereinbarten Termins f\u00fcr Sie frei. Beratungs-\/Therapietermine sind <strong>sp\u00e4testens 24 Stunden<\/strong> vorher abzusagen. Zu sp\u00e4t oder nicht abgesagte Termine stelle ich mit einer Stunde der jeweiligen Sitzung als &#8222;<strong>Ausfallhonorar<\/strong>&#8220; (nach den aufgef\u00fchrten Konditionen) in Rechnung.<\/p>\n\n\n\n<p><\/p>\n\n\n\n<p><\/p>\n\n\n\n<p><\/p>\n\n\n\n<figure class=\"wp-block-image alignleft\"><img decoding=\"async\" src=\"\/wp-content\/uploads\/2018\/12\/termine_elternk.jpg\" alt=\"\"\/><\/figure>\n\n\n\n<p><\/p>\n\n\n\n<h6 class=\"wp-block-heading\" id=\"elternkurs-starke-eltern-starke-kinder-vom-deutschen-kinderschutzbund\"><strong>Elternkurs \u201eStarke Eltern- Starke Kinder\u201c vom Deutschen Kinderschutzbund<\/strong><\/h6>\n\n\n\n<p><strong>Wann: <\/strong><br>Neue Elternkurse erfragen Sie bitte per <a href=\"https:\/\/andreaholstein.de\/?page_id=95\">E-Mail\/ Telefon<\/a>.&nbsp;<\/p>\n\n\n\n<p><strong>Ort: <\/strong>Im Elternzentrum des <a rel=\"noopener noreferrer\" href=\"https:\/\/www.albertinen.de\/krankenhaeuser\/amalie\/kliniken_zentren_institute\/geburtshilfe\/unser_angebot\/elternzentrum\" target=\"_blank\">Ev. Amalie Sieveking Krankenhauses<\/a>, Haselkamp 33, 22359 Hamburg\/Volksdorf<\/p>\n\n\n\n<p><strong>Investition: <\/strong>130,00\u20ac f\u00fcr 8 Kurseinheiten \u00e1 120min. (inkl. Skript); Paarerm\u00e4\u00dfigung von 20,00\u20ac (Paare zahlen 240,00\u20ac)<\/p>\n\n\n\n<p><strong>Anmeldung: <\/strong>\u00fcber <a href=\"https:\/\/andreaholstein.de\/?page_id=95\">E-Mail<\/a><\/p>\n\n\n\n<p><\/p>\n\n\n\n<p>&nbsp;<\/p>\n\n\n\n<figure class=\"wp-block-image alignleft\"><img decoding=\"async\" src=\"\/wp-content\/uploads\/2020\/02\/termine_entspannung.jpg\" alt=\"\"\/><\/figure>\n\n\n\n<h6 class=\"wp-block-heading\" id=\"entspannungskurs-progressive-muskelrelaxation\"><strong>Entspannungskurs (Progressive Muskelrelaxation)<\/strong><\/h6>\n\n\n\n<p><strong>Wann: <\/strong>  <strong> <\/strong><\/p>\n\n\n\n<p> Erfragen Sie neue Termine bitte per <a href=\"https:\/\/andreaholstein.de\/?page_id=95\">E-Mail\/ Telefon<\/a>.&nbsp;<\/p>\n\n\n\n<p><strong>Ort:<\/strong> Praxis Andrea Holstein, Berner Weg 31, 22393 Hamburg\/Sasel<\/p>\n\n\n\n<p><strong>Investition: <\/strong>160,00\u20ac f\u00fcr 8 Kurseinheiten \u00e1 90min. (70-100% Kosten\u00fcbernahme \u00fcber die Krankenkasse m\u00f6glich. Bitte direkt bei der Krankenkasse \u00fcber den Satz der Kostenerstattung erkundigen. Mein Kurs ist von der &#8222;Zentralen Pr\u00fcfstelle f\u00fcr Pr\u00e4vention&#8220; zertifiziert. Kurs ID f\u00fcr die Krankenkassen: 20200123-1169517)<\/p>\n\n\n\n<p><strong>Anmeldung: <\/strong>\u00fcber <a href=\"https:\/\/andreaholstein.de\/?page_id=95\">E-Mail<\/a><\/p>\n\n\n\n<p><strong>Material: <\/strong>Bitte eine Decke, bequeme Kleidung und warme Socken mitbringen!<\/p>\n\n\n\n<p><\/p>\n\n\n\n<p>&nbsp;<\/p>\n\n\n\n<figure class=\"wp-block-image size-large\"><img loading=\"lazy\" decoding=\"async\" width=\"1024\" height=\"252\" src=\"https:\/\/andreaholstein.de\/wp-content\/uploads\/2021\/04\/termine_achtsamkeit-1-1024x252.jpg\" alt=\"\" class=\"wp-image-831\" srcset=\"https:\/\/andreaholstein.de\/wp-content\/uploads\/2021\/04\/termine_achtsamkeit-1-1024x252.jpg 1024w, https:\/\/andreaholstein.de\/wp-content\/uploads\/2021\/04\/termine_achtsamkeit-1-300x74.jpg 300w, https:\/\/andreaholstein.de\/wp-content\/uploads\/2021\/04\/termine_achtsamkeit-1-768x189.jpg 768w, https:\/\/andreaholstein.de\/wp-content\/uploads\/2021\/04\/termine_achtsamkeit-1.jpg 1218w\" sizes=\"auto, (max-width: 1024px) 100vw, 1024px\" \/><\/figure>\n\n\n\n<h6 class=\"wp-block-heading\" id=\"achtsamkeitskurs\"><strong>Achtsamkeitskurs<\/strong><\/h6>\n\n\n\n<p><strong>Wann: <\/strong>Erfragen Sie neue Termine bitte per E-Mail oder Telefon.<\/p>\n\n\n\n<p><strong>Ort: <\/strong>Online via \u201eTeamlink\u201c<\/p>\n\n\n\n<p><strong>Honorar: <\/strong>100,00\u20ac f\u00fcr 5 Kurseinheiten \u00e1 60min.<\/p>\n\n\n\n<p><strong>Anfrage: <\/strong>\u00fcber <a href=\"https:\/\/andreaholstein.de\/?page_id=95\">E-Mail\/Telefon<\/a><\/p>\n\n\n\n<p><\/p>\n","protected":false},"excerpt":{"rendered":"<p>Systemische Beratung und Ganzheitliche Psychotherapie Honorar: Der Betrag der Einzelsitzungen ist nach erfolgter Sitzung in bar oder per Paypal zu entrichten. Bitte beachten Sie, dass meine Praxis eine Privatpraxis ist, Sie sind also Selbstzahler. Ausnahmen k\u00f6nnen Privatversicherungen oder Zusatzversicherungen f\u00fcr<\/p>\n","protected":false},"author":1,"featured_media":0,"parent":43,"menu_order":0,"comment_status":"closed","ping_status":"closed","template":"","meta":{"ngg_post_thumbnail":0,"footnotes":""},"class_list":["post-162","page","type-page","status-publish","hentry"],"_links":{"self":[{"href":"https:\/\/andreaholstein.de\/index.php?rest_route=\/wp\/v2\/pages\/162","targetHints":{"allow":["GET"]}}],"collection":[{"href":"https:\/\/andreaholstein.de\/index.php?rest_route=\/wp\/v2\/pages"}],"about":[{"href":"https:\/\/andreaholstein.de\/index.php?rest_route=\/wp\/v2\/types\/page"}],"author":[{"embeddable":true,"href":"https:\/\/andreaholstein.de\/index.php?rest_route=\/wp\/v2\/users\/1"}],"replies":[{"embeddable":true,"href":"https:\/\/andreaholstein.de\/index.php?rest_route=%2Fwp%2Fv2%2Fcomments&post=162"}],"version-history":[{"count":158,"href":"https:\/\/andreaholstein.de\/index.php?rest_route=\/wp\/v2\/pages\/162\/revisions"}],"predecessor-version":[{"id":1975,"href":"https:\/\/andreaholstein.de\/index.php?rest_route=\/wp\/v2\/pages\/162\/revisions\/1975"}],"up":[{"embeddable":true,"href":"https:\/\/andreaholstein.de\/index.php?rest_route=\/wp\/v2\/pages\/43"}],"wp:attachment":[{"href":"https:\/\/andreaholstein.de\/index.php?rest_route=%2Fwp%2Fv2%2Fmedia&parent=162"}],"curies":[{"name":"wp","href":"https:\/\/api.w.org\/{rel}","templated":true}]}}