{"id":586,"date":"2018-11-24T14:40:42","date_gmt":"2018-11-24T14:40:42","guid":{"rendered":"http:\/\/andreaholstein.de\/?page_id=586"},"modified":"2024-05-06T09:54:27","modified_gmt":"2024-05-06T09:54:27","slug":"entspannungskurs","status":"publish","type":"page","link":"https:\/\/andreaholstein.de\/?page_id=586","title":{"rendered":"Entspannungskurs (Progressive Muskelrelaxation)"},"content":{"rendered":"\n<p><\/p>\n\n\n\n<div class=\"wp-block-group is-layout-flow wp-block-group-is-layout-flow\">\n<p><img decoding=\"async\" class=\"aligncenter\" src=\"\/wp-content\/uploads\/2020\/02\/enspannung_3-1024x336.jpg\"><\/p>\n<p>Die <strong>Progressive Muskelrelaxation<\/strong> (PMR) nach C. Jacobsen&nbsp; ist ein besonders alltagstaugliches Entspannungsverfahren, dessen Wirksamkeit wissenschaftliche Studien belegen. Das Prinzip beruht darauf, die Wahrnehmung auf die k\u00f6rperlichen Empfindungen bei Anspannung und Entspannung zu legen und den Unterschied bewusst wahrzunehmen. Die klar strukturierten \u00dcbungen sind leicht zu erlernen und zu vermitteln, sodass die Entspannungswirkung relativ schnell sp\u00fcrbar ist. Die \u00dcbungen k\u00f6nnen im Alltag \u00fcberall und jederzeit im Liegen, Sitzen oder Stehen selbst\u00e4ndig durchgef\u00fchrt werden. Durch entspannte Muskeln kommt der Organismus wieder zur Ruhe und kann die eigenen F\u00e4higkeiten der Selbstregulation nutzen.<\/p>\n<\/div>\n\n\n\n<p><strong>Wirkung der PMR:<\/strong><\/p>\n\n\n\n<ul class=\"wp-block-list\">\n<li>Entspannung und Ruhegef\u00fchl<\/li>\n\n\n\n<li>mehr Energie<\/li>\n\n\n\n<li>bessere Konzentration und Leistungsf\u00e4higkeit<\/li>\n\n\n\n<li>bessere Durchblutung<\/li>\n\n\n\n<li>k\u00f6rperliche Gel\u00f6stheit<\/li>\n\n\n\n<li>gleichm\u00e4\u00dfige Atmung und Herzschlag<\/li>\n<\/ul>\n\n\n\n<p>Neben der PMR lasse ich u.a. Elemente aus dem <strong>Qi-Gong<\/strong> und <strong>Yoga <\/strong>einflie\u00dfen. Qi Gong bedeutet w\u00f6rtlich \u00fcbersetzt \u201eEnergiearbeit\u201c&nbsp;und hat einen festen Platz in der Traditionellen Chinesischen Medizin.&nbsp;Es ist die Kunst K\u00f6rper, Geist und Seele in einfachen und flie\u00dfenden \u00dcbungen zu verbinden.&nbsp;Qi Gong kann von jedem erlernt werden und bedarf keinen besonderen Vorkenntnissen oder F\u00e4higkeiten, da es nicht um Leistung, sondern um das Wecken von Energien und Selbstheilungskr\u00e4fte geht. Yoga bedeutet Einheit oder Harmonie und bezieht sich auf die Einheit von K\u00f6rper, Geist und Seele. Durch <strong>Yoga\u00fcbungen <\/strong>sp\u00fcrt man mehr Energie, Vitalit\u00e4t und geistige Klarheit. Man vertieft die innere K\u00f6rperwahrnehmung und st\u00e4rkt das K\u00f6rperbewusstsein.<\/p>\n\n\n\n<p>In meinem Kurs lernen Sie auf Stress mit Entspannung zu reagieren und die \u00dcbungen einfach in Ihren Alltag zu integrieren. Dar\u00fcber hinaus erkl\u00e4re ich die <strong>Nervensystemregulation<\/strong> (Balance zwischen dem Sympathikus &#8222;Kampf-\/Fluchtmodus&#8220; und dem Parasympathikus &#8222;Ruhenerv&#8220;). Denn Stress f\u00fchrt zu Anspannung und bei dauerhafter Anspannung entgleist das autonome Nervensystem in einen Modus der \u00dcbererregung des Sympathikus. <\/p>\n\n\n\n<p>Dieser Kurs vermittelt neben der Theorie einen ausreichenden Praxisanteil, in dem die Anleitungssituation und <strong>Entspannungs\u00fcbungen<\/strong> im Mittelpunkt stehen. Die Bereitschaft zur <strong>Selbsterfahrung<\/strong> wird vorausgesetzt.<\/p>\n\n\n\n<p style=\"text-align: center; background-color: #c3e6e6; padding: 10px 0px 10px 0px;\"><em>&#8222;Ruhe bringt Gleichgewicht und Leichtigkeit, Gleichgewicht und Leichtigkeit bringen inneren Frieden und Gelassenheit.&#8220;<\/em><br><em>&#8211; Tschuang Tse &#8211;<\/em><\/p>\n\n\n\n<p><strong>Kursinhalte:<\/strong><\/p>\n\n\n\n<ul class=\"wp-block-list\">\n<li>Psychische und\nphysiologische Grundlagen von Entspannung<\/li>\n\n\n\n<li>Wirkung von Stress<\/li>\n\n\n\n<li>Entwicklung der\nProgressiven Muskelentspannung nach C. Jacobsen<\/li>\n\n\n\n<li>Anwendungsm\u00f6glichkeiten\nder PMR <\/li>\n\n\n\n<li>\u00dcbung der PMR <\/li>\n\n\n\n<li>Atmung und\nEntspannung<\/li>\n\n\n\n<li>Praktische \u00dcbungen\naus dem Yoga und Qi-Gong<\/li>\n\n\n\n<li>K\u00f6rper- und\nPhantasiereisen und Meditationseinheiten<\/li>\n<\/ul>\n\n\n\n<p><strong>Meine Entspannungskurse sind nach \u00a720 SGB <span style=\"font-family: serif;\">V<\/span> von der &#8222;Zentrale Pr\u00fcfstelle f\u00fcr Pr\u00e4vention&#8220; zertifiziert. Das bedeutet, dass die Krankenkassen 70-100% der Kursgeb\u00fchr \u00fcbernehmen. Wenden Sie sich direkt an Ihre Krankenkasse und fragen nach, wie hoch die Kostenerstattung ist. <\/strong><\/p>\n\n\n\n<p><a href=\"https:\/\/andreaholstein.de\/?page_id=162\">&gt; Termine und Honorar<\/a><\/p>\n","protected":false},"excerpt":{"rendered":"<p>Die Progressive Muskelrelaxation (PMR) nach C. Jacobsen&nbsp; ist ein besonders alltagstaugliches Entspannungsverfahren, dessen Wirksamkeit wissenschaftliche Studien belegen. Das Prinzip beruht darauf, die Wahrnehmung auf die k\u00f6rperlichen Empfindungen bei Anspannung und Entspannung zu legen und den Unterschied bewusst wahrzunehmen. Die klar<\/p>\n","protected":false},"author":1,"featured_media":607,"parent":43,"menu_order":4,"comment_status":"closed","ping_status":"closed","template":"","meta":{"ngg_post_thumbnail":0,"footnotes":""},"class_list":["post-586","page","type-page","status-publish","has-post-thumbnail","hentry"],"_links":{"self":[{"href":"https:\/\/andreaholstein.de\/index.php?rest_route=\/wp\/v2\/pages\/586","targetHints":{"allow":["GET"]}}],"collection":[{"href":"https:\/\/andreaholstein.de\/index.php?rest_route=\/wp\/v2\/pages"}],"about":[{"href":"https:\/\/andreaholstein.de\/index.php?rest_route=\/wp\/v2\/types\/page"}],"author":[{"embeddable":true,"href":"https:\/\/andreaholstein.de\/index.php?rest_route=\/wp\/v2\/users\/1"}],"replies":[{"embeddable":true,"href":"https:\/\/andreaholstein.de\/index.php?rest_route=%2Fwp%2Fv2%2Fcomments&post=586"}],"version-history":[{"count":31,"href":"https:\/\/andreaholstein.de\/index.php?rest_route=\/wp\/v2\/pages\/586\/revisions"}],"predecessor-version":[{"id":1827,"href":"https:\/\/andreaholstein.de\/index.php?rest_route=\/wp\/v2\/pages\/586\/revisions\/1827"}],"up":[{"embeddable":true,"href":"https:\/\/andreaholstein.de\/index.php?rest_route=\/wp\/v2\/pages\/43"}],"wp:featuredmedia":[{"embeddable":true,"href":"https:\/\/andreaholstein.de\/index.php?rest_route=\/wp\/v2\/media\/607"}],"wp:attachment":[{"href":"https:\/\/andreaholstein.de\/index.php?rest_route=%2Fwp%2Fv2%2Fmedia&parent=586"}],"curies":[{"name":"wp","href":"https:\/\/api.w.org\/{rel}","templated":true}]}}