{"id":734,"date":"2018-11-21T16:57:07","date_gmt":"2018-11-21T16:57:07","guid":{"rendered":"http:\/\/andreaholstein.de\/?page_id=734"},"modified":"2026-02-24T17:28:34","modified_gmt":"2026-02-24T17:28:34","slug":"systemische-beratung","status":"publish","type":"page","link":"https:\/\/andreaholstein.de\/?page_id=734","title":{"rendered":"Systemische Beratung und Ganzheitliche Therapie"},"content":{"rendered":"\n<p><\/p>\n\n\n\n<figure class=\"wp-block-image size-large\"><img loading=\"lazy\" decoding=\"async\" width=\"1024\" height=\"336\" src=\"https:\/\/andreaholstein.de\/wp-content\/uploads\/2021\/08\/s_beratung-1024x336.jpg\" alt=\"\" class=\"wp-image-1045\" srcset=\"https:\/\/andreaholstein.de\/wp-content\/uploads\/2021\/08\/s_beratung-1024x336.jpg 1024w, https:\/\/andreaholstein.de\/wp-content\/uploads\/2021\/08\/s_beratung-300x99.jpg 300w, https:\/\/andreaholstein.de\/wp-content\/uploads\/2021\/08\/s_beratung-768x252.jpg 768w, https:\/\/andreaholstein.de\/wp-content\/uploads\/2021\/08\/s_beratung.jpg 1218w\" sizes=\"auto, (max-width: 1024px) 100vw, 1024px\" \/><\/figure>\n\n\n\n<p class=\"has-medium-font-size\"><strong>Systemische Beratung in Hamburg<\/strong><\/p>\n\n\n\n<p>Die systemische Beratung hat sich Mitte des letzten Jahrhunderts aus der <strong>Familientherapie <\/strong>entwickelt. Ich helfe Ihnen in der <strong>systemischen Beratung<\/strong>, Ihre Ressourcen zu erkennen und sie zur Bearbeitung der aktuellen Themen zu nutzen. Durch gezielte <strong>systemische Fragen<\/strong> <strong>und<\/strong> <strong>Methoden <\/strong>unterst\u00fctze ich Sie, die L\u00f6sungen und Ver\u00e4nderungen f\u00fcr Ihr Anliegen zu finden. Was systemisches Denken hei\u00dft, verdeutlicht das Bild des Mobiles, bei dem die Bewegung eines einzelnen Elementes sich immer auf das Ganze auswirkt. So l\u00e4sst sich auch das Miteinander eines Paares oder einer Familie betrachten. Ein solches System ist st\u00e4ndig in Bewegung, um sich auf Ver\u00e4nderungen einzustellen.<\/p>\n\n\n\n<p>Meine Aufgabe sehe ich darin, \u00dcbertragungen und Muster im Familiensystem, Erziehungsdynamiken oder Verstrickungen in der Partnerschaft aufzudecken, und gemeinsam mit Ihnen aufzul\u00f6sen. Durch meine Position als Au\u00dfenstehende kann ich Sie dabei unterst\u00fctzen, die Situation aus einer anderen Perspektive zu betrachten und Ihren Blick f\u00fcr Neues zu \u00f6ffnen. So werden L\u00f6sungen sichtbar und k\u00f6nnen erprobt und gefestigt werden.<\/p>\n\n\n\n<p>In der <strong>systemischen Paarberatung<\/strong> legen Sie als Paar Ihr Anliegen fest. Ich kann Sie darin unterst\u00fctzen, Beziehungsdynamiken zu erkennen und gemeinsam dahinter zu schauen, was hinter m\u00f6glichen Spannungen und Konflikten steckt. Wir k\u00f6nnen zusammen herausfinden, welche Bed\u00fcrfnisse in der Partnerschaft nicht gesehen oder wertgesch\u00e4tzt wurden. Ich begleite Sie dabei, sich wieder anzun\u00e4hern und mehr Leichtigkeit in Ihre Beziehung zu bringen.<\/p>\n\n\n\n<p><\/p>\n\n\n\n<p style=\"text-align: center; background-color: #c3e6e6; padding: 10px 0px 10px 0px;\"><em>&#8222;Das Leben ist kein Problem, das es zu l\u00f6sen, sondern eine Wirklichkeit, die es zu erfahren gilt.&#8220;<\/em><br><em>&#8211; Buddha &#8211;<\/em><\/p>\n\n\n\n<p class=\"has-medium-font-size\"><strong>Ganzheitliche Psychotherapie<\/strong> <strong>in Hamburg<\/strong><\/p>\n\n\n\n<p><strong>Ganzheitliche Psychotherapie (hier der K\u00fcrze halber &#8222;Ganzheitliche Therapie&#8220;) <\/strong>bedeutet, das k\u00f6rperliche und psychische Befinden als zusammengeh\u00f6rig zu betrachten. Die Ursachen f\u00fcr die aktuellen Probleme und Belastungen liegen oftmals in der Vergangenheit und der eigenen Biografie . Dabei spielen fr\u00fchkindliche Pr\u00e4gungen, unsichere\/ambivalente Bindungserfahrungen und die Erziehung eine wichtige Rolle. H\u00e4ufig zeigt sich das durch Symptombildungen auf der psychischen und\/oder k\u00f6rperlichen Ebene. <\/p>\n\n\n\n<p>Bei der ganzheitlichen Therapie lege ich den Schwerpunkt auf die <strong>Integration und Harmonisierung psychischer und physischer Symptome auf der emotionalen Ebene<\/strong>, denn egal was wir denken oder tun, alles wird in uns von einem Gef\u00fchl begleitet.<\/p>\n\n\n\n<p>Im Therapieprozess nutze ich Methoden aus der <strong>systemischen Therapie, K\u00f6rperpsychotherapie und Gespr\u00e4chstherapie<\/strong>, und der Anteilearbeit <strong>&#8222;Ego-State-Therapie&#8220;<\/strong>. Durch die Auseinandersetzung mit den eigenen <strong>&#8222;inneren Pers\u00f6nlichkeitsanteilen&#8220; <\/strong>(z.B. dem &#8222;inneren Kritiker&#8220; oder dem &#8222;kindlichen\/versehrten Anteil&#8220;) k\u00f6nnen die Verletzungen und Erfahrungen aus der Kindheit integriert und negative Glaubenss\u00e4tze ver\u00e4ndert werden. Indem Sie schmerzhafte Gef\u00fchle verarbeiten und loslassen, kann der Zugang zu positiven Gef\u00fchlen wie Freude und Vertrauen wieder freigelegt werden.<\/p>\n\n\n\n<p>In unserer gemeinsamen Arbeit ist es mir wichtig, Ihre Ressourcen und Ihre Selbstwirksamkeit zu st\u00e4rken, um eine liebevolle Annahme zu sich selbst zu finden. Die Basis daf\u00fcr ist eine sichere, zugewandte und vertrauensvolle therapeutische Beziehung, die Ihnen tragenden Halt gibt und eine <strong>Co-Regulation <\/strong>erm\u00f6glicht. Die Co-Regulation ist eine Form der zwischenmenschlichen Interaktion, die Ihnen z.B. durch <strong>&#8222;Spiegelung&#8220; <\/strong>von Gef\u00fchlen hilft, \u00fcberw\u00e4ltigende Emotionen innerhalb der Psychotherapie betrachten und regulieren zu k\u00f6nnen.<\/p>\n\n\n\n<p>Ziel der ganzheitlichen Therapie ist es, langfristige Ver\u00e4nderungsprozesse im K\u00f6rper und in der Psyche zu bewirken. Deshalb ist es unabdingbar, den K\u00f6rper in die Behandlung einzubeziehen, ihn als &#8222;Freund&#8220; zu betrachten, der eine eigene Sprache hat und helfen kann, neue Sichtweisen auf die vorhanden Belastungen zu finden. Hierf\u00fcr verwende ich u.a. <strong>k\u00f6rperorientierte Verfahren<\/strong> zur Selbstregulation z.B. K\u00f6rperwahrnehmungs\u00fcbungen, Atem\u00fcbungen und Achtsamkeits\u00fcbungen. <\/p>\n\n\n\n<p>Innerhalb der Psychotherapie lernen Sie immer mehr, wohlwollend und selbstf\u00fcrsorglich mit sich und Ihrem K\u00f6rper in Kontakt zu treten. <strong>Selbstf\u00fcrsorge<\/strong> bedeutet, achtsam auf den K\u00f6rper und die eigenen Grundbed\u00fcrfnisse zu blicken, und bewusst Energie in das eigene seelische und physische Wohlbefinden zu investieren.<\/p>\n\n\n\n<p><\/p>\n\n\n\n<p><\/p>\n\n\n\n<p><strong>Familien-\/Systemaufstellungen<\/strong><\/p>\n\n\n\n<p>Zu den systemischen Methoden geh\u00f6ren u.a. die Familien-\/Systemaufstellungen. In der <strong>systemischen Aufstellungsarbeit <\/strong>werden z.B. Beziehungen, Blockaden, Traumata oder Familienthemen aufgestellt. Aufstellungen erm\u00f6glichen einen neuen Blick, einen anderen Zugang. So entwickeln sich neue Sichtweisen und L\u00f6sungen. Verstrickungen k\u00f6nnen gel\u00f6st und Belastendes zur\u00fcckgegeben werden. Hierf\u00fcr sind Holzfiguren als Stellvertreter f\u00fcr Familienmitglieder ein gutes Mittel <strong>(Aufstellung mit dem Systembrett)<\/strong>, oder sogenannte <strong>&#8222;Stellvertreteraufstellungen&#8220; <\/strong>durch Personen. In der Familienaufstellung nutzt man &#8222;Stellvertreter&#8220;, die f\u00fcr bestimmte Personen in einem Familiensystem stehen, um eine seelische Dynamik in diesem System aufscheinen zu lassen.<\/p>\n\n\n\n<p>Durch die Aufstellung entsteht eine Resonanz mit dem System und die Stellvertreter fangen an, gewisse Empfindungen, Impulse oder k\u00f6rperliche Eindr\u00fccke zu haben. Diese Empfindungen bringen etwas an die Oberfl\u00e4che, was als seelischer Ausdruck zu der Person geh\u00f6rt, f\u00fcr welche der Stellvertreter steht. <\/p>\n\n\n\n<p><\/p>\n\n\n\n<p><\/p>\n\n\n\n<p><\/p>\n\n\n\n<p class=\"has-medium-font-size\"><strong>Ich unterst\u00fctze und begleite Sie bei<\/strong><strong>:<\/strong><\/p>\n\n\n\n<ul class=\"wp-block-list\">\n<li>Probleme in der Partnerschaft\/Familie und\/oder bei Erziehungsfragen<\/li>\n\n\n\n<li>\u00c4ngste\/Ersch\u00f6pfung\/Stress<\/li>\n\n\n\n<li>depressive Episode (leicht\/mittelschwer) und Burnout<\/li>\n\n\n\n<li>Posttraumatische Belastungsst\u00f6rung (PTBS\/KPTBS)<\/li>\n\n\n\n<li>psychosomatische Beschwerden<\/li>\n\n\n\n<li>krisenhafte Lebenssituationen (z.B. Trennung, Verlust)<\/li>\n\n\n\n<li>belastende Geburtserlebnisse<\/li>\n\n\n\n<li>Prozess der Pers\u00f6nlichkeitsentwicklung<\/li>\n\n\n\n<li>Selbstwertproblemen<\/li>\n\n\n\n<li>Anpassungsst\u00f6rungen<\/li>\n<\/ul>\n\n\n\n<p>Mit viel Empathie und Leidenschaft f\u00fcr meinen Beruf, begleite ich Sie auf Ihrem eigenen Weg eine liebevolle, wertsch\u00e4tzende Beziehung zu sich selbst, zu Ihrem Partner bzw. Partnerin und Ihrer Familie zu erhalten und zu gestalten. <\/p>\n\n\n\n<p><\/p>\n\n\n\n<p><\/p>\n\n\n\n<p class=\"has-medium-font-size\"><strong>Meine Leistungen:<\/strong><\/p>\n\n\n\n<ul class=\"wp-block-list\">\n<li>Einzeltherapie<\/li>\n\n\n\n<li>Paarberatung <\/li>\n\n\n\n<li>Elterncoaching<\/li>\n\n\n\n<li><a href=\"https:\/\/andreaholstein.de\/?page_id=739\">Time-Line Methode<\/a><\/li>\n\n\n\n<li><a href=\"https:\/\/andreaholstein.de\/?page_id=743\">Familien-\/Systemaufstellungen<\/a><\/li>\n\n\n\n<li><a href=\"https:\/\/andreaholstein.de\/?page_id=745\">Kindercoaching z.B. bei&nbsp; \u00c4ngsten, Kopfschmerzen\/Migr\u00e4ne, Einschlafproblemen, Selbstunsicherheit<\/a><\/li>\n\n\n\n<li><a href=\"https:\/\/andreaholstein.de\/?page_id=1363\" data-type=\"page\" data-id=\"1363\">Traumatherapie<\/a><\/li>\n<\/ul>\n\n\n\n<p><\/p>\n\n\n\n<p><strong>Therapie-\/Beratungsdauer<\/strong><\/p>\n\n\n\n<p>Grunds\u00e4tzlich richtet sich die Anzahl der Sitzungen nach Ihren individuellen Bed\u00fcrfnissen, so dass auf Wunsch nat\u00fcrlich auch l\u00e4ngerfristige Begleitungen m\u00f6glich sind. F\u00fcr eine erfolgreiche Therapie und Beratung ist es entscheidend, dass Sie sich gut aufgehoben f\u00fchlen. In einem <strong>kostenlosen telefonischen Erstgespr\u00e4ch<\/strong>&nbsp;k\u00f6nnen Sie mit mir Fragen zum Ablauf und Anliegen kl\u00e4ren.&nbsp;Alle Gespr\u00e4che und Daten sind vertraulich und unterliegen der Schweigepflicht \u00a7 203 StGB.<\/p>\n\n\n\n<p><strong>Vorteile einer Privatpraxis<\/strong><\/p>\n\n\n\n<p>Ich arbeite in einer <strong>\u201ePrivatpraxis\u201c <\/strong>und rechne i.d.R. mit Selbstzahlern ab. Dadurch haben Sie <strong>verk\u00fcrzte Wartezeiten<\/strong>. Somit ist eine schnelle und unb\u00fcrokratische Hilfe m\u00f6glich, es sind keine zeitintensiven Krankenkassenantr\u00e4ge und Gutachten n\u00f6tig. Zudem hat es den Vorteil, dass Sie keinen Eintrag in Ihrer Krankenakte bekommen oder Nachteile beim Abschluss einer Berufsunf\u00e4higkeitsversicherung drohen.<\/p>\n\n\n\n<p><strong>Private Krankenversicherungen<\/strong><\/p>\n\n\n\n<p>Als Heilpraktikerin f\u00fcr Psychotherapie werden die Behandlungskosten f\u00fcr meine Leistungen von den&nbsp;gesetzlichen Krankenversicherungen&nbsp;leider&nbsp;nicht \u00fcbernommen.&nbsp;Bei einer&nbsp;Privaten Krankenversicherung  werden die Kosten f\u00fcr Heilpraktiker f\u00fcr Psychotherapie teilweise, und je nach Versicherung in unterschiedlicher H\u00f6he, bezuschusst. Wenn Sie privat krankenversichert sind, k\u00f6nnen Sie sich vorab erkundigen, ob&nbsp;Heilpraktikerleistungen&nbsp;in Ihrem aktuellen Tarif prinzipiell akzeptiert werden, und ob dies auch f\u00fcr&nbsp;Behandlungen vom Heilpraktiker f\u00fcr Psychotherapie gilt.<\/p>\n\n\n\n<p>Es gibt private Krankenzusatzversicherungen, die Zusatztarife f\u00fcr die Heilpraktikerbehandlung anbieten. Stellen Sie sicher, dass damit auch eine Heilpraktikerbehandlung auf dem Gebiet der&nbsp;Psychotherapie&nbsp;gemeint ist. Eine solche private Krankenzusatzversicherung ist vor Behandlungsbeginn abzuschlie\u00dfen. Bei den privaten Krankenzusatzversicherungen gibt es teilweise umfangreiche &#8222;Gesundheitsfragen&#8220;. Sie sollten vorher abkl\u00e4ren, welche Heilpraktikerleistungen in dem jeweiligen Tarif abgedeckt sind und auf m\u00f6gliche Wartezeiten achten. <\/p>\n\n\n\n<p><strong>Terminstornierungen<\/strong><\/p>\n\n\n\n<p>Da ich eine Bestellpraxis betreibe, halte ich mir die Zeit des vereinbarten Termins f\u00fcr Sie frei. Sollten Sie einen Termin einmal nicht wahrnehmen k\u00f6nnen, sagen Sie bitte rechtzeitig und zwar <strong>sp\u00e4testens 24 Stunden<\/strong> vor dem vereinbarten Termin ab. Bitte ber\u00fccksichtigen Sie, dass ich Ihnen bei zu sp\u00e4t oder nicht abgesagten Terminen ein &#8222;<strong>Ausfallhonorar<\/strong>&#8220; (gem\u00e4\u00df dem Honorar der jeweiligen Sitzung) in Rechnung stelle.<\/p>\n\n\n\n<p><a href=\"https:\/\/andreaholstein.de\/?page_id=162\" data-type=\"page\" data-id=\"162\">Termine und Honorar<\/a><\/p>\n","protected":false},"excerpt":{"rendered":"<p>Systemische Beratung in Hamburg Die systemische Beratung hat sich Mitte des letzten Jahrhunderts aus der Familientherapie entwickelt. Ich helfe Ihnen in der systemischen Beratung, Ihre Ressourcen zu erkennen und sie zur Bearbeitung der aktuellen Themen zu nutzen. Durch gezielte systemische<\/p>\n","protected":false},"author":1,"featured_media":1048,"parent":43,"menu_order":1,"comment_status":"closed","ping_status":"closed","template":"","meta":{"ngg_post_thumbnail":0,"footnotes":""},"class_list":["post-734","page","type-page","status-publish","has-post-thumbnail","hentry"],"_links":{"self":[{"href":"https:\/\/andreaholstein.de\/index.php?rest_route=\/wp\/v2\/pages\/734","targetHints":{"allow":["GET"]}}],"collection":[{"href":"https:\/\/andreaholstein.de\/index.php?rest_route=\/wp\/v2\/pages"}],"about":[{"href":"https:\/\/andreaholstein.de\/index.php?rest_route=\/wp\/v2\/types\/page"}],"author":[{"embeddable":true,"href":"https:\/\/andreaholstein.de\/index.php?rest_route=\/wp\/v2\/users\/1"}],"replies":[{"embeddable":true,"href":"https:\/\/andreaholstein.de\/index.php?rest_route=%2Fwp%2Fv2%2Fcomments&post=734"}],"version-history":[{"count":222,"href":"https:\/\/andreaholstein.de\/index.php?rest_route=\/wp\/v2\/pages\/734\/revisions"}],"predecessor-version":[{"id":1972,"href":"https:\/\/andreaholstein.de\/index.php?rest_route=\/wp\/v2\/pages\/734\/revisions\/1972"}],"up":[{"embeddable":true,"href":"https:\/\/andreaholstein.de\/index.php?rest_route=\/wp\/v2\/pages\/43"}],"wp:featuredmedia":[{"embeddable":true,"href":"https:\/\/andreaholstein.de\/index.php?rest_route=\/wp\/v2\/media\/1048"}],"wp:attachment":[{"href":"https:\/\/andreaholstein.de\/index.php?rest_route=%2Fwp%2Fv2%2Fmedia&parent=734"}],"curies":[{"name":"wp","href":"https:\/\/api.w.org\/{rel}","templated":true}]}}